
6
Calculate the remainder when 51126 is divided by 71.
6
Calculate the remainder when 886729 is divided by 308.
305
What is the remainder when 1130 is divided by 1110?
20
What is the remainder when 1487 is divided by 319?
211
Calculate the remainder when 995 is divided by 401.
193
What is the remainder when 28432 is divided by 1552?
496
What is the remainder when 830682 is divided by 509?
503
What is the remainder when 2255 is divided by 111?
35
What is the remainder when 24521 is divided by 201?
200
Calculate the remainder when 100994 is divided by 134.
92
What is the remainder when 429 is divided by 15?
9
What is the remainder when 594872 is divided by 3?
2
Calculate the remainder when 21408 is divided by 3050.
58
What is the remainder when 20099 is divided by 23?
20
Calculate the remainder when 270779 is divided by 9.
5
Calculate the remainder when 4236 is divided by 231.
78
What is the remainder when 3576 is divided by 771?
492
Calculate the remainder when 8995 is divided by 45.
40
What is the remainder when 61120 is divided by 413?
409
What is the remainder when 18573 is divided by 172?
169
Calculate the remainder when 902 is divided by 37.
14
What is the remainder when 3311 is divided by 58?
5
What is the remainder when 17109 is divided by 62?
59
Calculate the remainder when 2624 is divided by 264.
248
What is the remainder when 2411 is divided by 63?
17
What is the remainder when 56311 is divided by 220?
211
Calculate the remainder when 31959 is divided by 150.
9
What is the remainder when 4510 is divided by 180?
10
What is the remainder when 324761 is divided by 1331?
1328
What is the remainder when 46501 is divided by 11420?
821
Calculate the remainder when 225185 is divided by 38.
35
What is the remainder when 424936 is divided by 234?
226
What is the remainder when 3621373 is divided by 88?
85
Calculate the remainder when 755910 is divided by 244.
242
What is the remainder when 5629 is divided by 1868?
25
What is the remainder when 8868 is divided by 193?
183
Calculate the remainder when 189 is divided by 25.
14
Calculate the remainder when 752978 is divided by 17113.
6
Calculate the remainder when 11038 is divided by 257.
244
Calculate the remainder when 809411 is divided by 5325.
11
What is the remainder when 914 is divided by 165?
89
What is the remainder when 14018 is divided by 21?
11
What is the remainder when 870814 is divided by 16?
14
Calculate the remainder when 2587 is divided by 590.
227
Calculate the remainder when 1912 is divided by 95.
12
What is the remainder when 19952 is divided by 9974?
4
Calculate the remainder when 75180 is divided by 203.
70
Calculate the remainder when 853588 is divided by 284528.
4
What is the remainder when 3929 is divided by 147?
107
Calculate the remainder when 262971 is divided by 28.
23
What is the remainder when 28495 is divided by 464?
191
What is the remainder when 30189 is divided by 106?
85
What is the remainder when 3021131 is divided by 306?
299
What is the remainder when 7411 is divided by 18?
13
What is the remainder when 63083 is divided by 12?
11
Calculate the remainder when 4326 is divided by 122.
56
Calculate the remainder when 12499 is divided by 6234.
31
Calculate the remainder when 286394 is divided by 286381.
13
Calculate the remainder when 37046 is divided by 347.
264
Calculate the remainder when 45236 is divided by 11269.
160
Calculate the remainder when 25187 is divided by 6272.
99
What is the remainder when 19588 is divided by 271?
76
Calculate the remainder when 391295 is divided by 16.
15
Calculate the remainder when 2461 is divided by 755.
196
What is the remainder when 1378 is divided by 181?
111
What is the remainder when 103905 is divided by 19?
13
Calculate the remainder when 442574 is divided by 563.
56
Calculate the remainder when 21302 is divided by 12.
2
Calculate the remainder when 32531 is divided by 8132.
3
Calculate the remainder when 361 is divided by 111.
28
Calculate the remainder when 11478297 is divided by 133.
131
Calculate the remainder when 300968 is divided by 75.
68
What is the remainder when 208000 is divided by 61?
51
What is the remainder when 34647 is divided by 210?
207
Calculate the remainder when 80024 is divided by 187.
175
Calculate the remainder when 18591 is divided by 9211.
169
Calculate the remainder when 394634 is divided by 438.
434
What is the remainder when 72585 is divided by 63?
9
What is the remainder when 355212 is divided by 71?
70
What is the remainder when 779 is divided by 654?
125
Calculate the remainder when 2299 is divided by 1082.
135
What is the remainder when 5988 is divided by 50?
38
What is the remainder when 24195 is divided by 36?
3
Calculate the remainder when 751 is divided by 12.
7
What is the remainder when 4045 is divided by 102?
67
What is the remainder when 12160 is divided by 69?
16
What is the remainder when 1579 is divided by 128?
43
Calculate the remainder when 148930 is divided by 4804.
6
Calculate the remainder when 1634 is divided by 21.
17
Calculate the remainder when 4916 is divided by 1610.
86
Calculate the remainder when 12044 is divided by 455.
214
What is the remainder when 1821 is divided by 53?
19
Calculate the remainder when 136797 is divided by 15.
12
What is the remainder when 1697072 is divided by 177?
173
Calculate the remainder when 36673 is divided by 25.
23
What is the remainder when 1060 is divided by 387?
286
What is the remainder when 1369 is divided by 363?
280
Calculate the remainder when 2291236 is divided by 18.
16
What is the remainder when 566489 is divided by 10?
9
Calculate the remainder when 8909 is divided by 20.
9
Calculate the remainder when 52878 is divided by 17625.
3
Calculate the remainder when 38015 is divided by 5429.
12
What is the remainder when 44750 is divided by 7403?
332
What is the remainder when 237442 is divided by 154?
128
What is the remainder when 59162 is divided by 313?
5
Calculate the remainder when 1247560 is divided by 459.
457
What is the remainder when 900274 is divided by 1508?
1506
What is the remainder when 11895 is divided by 60?
15
Calculate the remainder when 171233 is divided by 44.
29
Calculate the remainder when 2237 is divided by 65.
27
What is the remainder when 8615 is divided by 714?
47
Calculate the remainder when 33311 is divided by 1514.
3
Calculate the remainder when 2615 is divided by 2519.
96
Calculate the remainder when 3210345 is divided by 12.
9
Calculate the remainder when 1133325 is divided by 28.
25
What is the remainder when 495035 is divided by 55001?
26
Calculate the remainder when 976 is divided by 13.
1
Calculate the remainder when 2700966 is divided by 562.
556
Calculate the remainder when 5086 is divided by 919.
491
What is the remainder when 26001 is divided by 93?
54
What is the remainder when 170684 is divided by 14?
10
Calculate the remainder when 14126 is divided by 880.
46
Calculate the remainder when 239916 is divided by 119828.
260
What is the remainder when 245071 is divided by 212?
211
Calculate the remainder when 1146476 is divided by 2135.
2116
What is the remainder when 7383 is divided by 3685?
13
What is the remainder when 43772 is divided by 99?
14
Calculate the remainder when 1110338 is divided by 22.
20
Calculate the remainder when 303 is divided by 210.
93
Calculate the remainder when 2189 is divided by 353.
71
Calculate the remainder when 851 is divided by 4.
3
What is the remainder when 8171 is divided by 928?
747
Calculate the remainder when 4564 is divided by 1497.
73
What is the remainder when 312 is divided by 42?
18
Calculate the remainder when 2402 is divided by 2235.
167
Calculate the remainder when 2973 is divided by 9.
3
Calculate the remainder when 501 is divided by 24.
21
Calculate the remainder when 37754 is divided by 37744.
10
Calculate the remainder when 62173 is divided by 122.
75
Calculate the remainder when 3616496 is divided by 293.
290
Calculate the remainder when 220251 is divided by 316.
315
What is the remainder when 10846 is divided by 193?
38
Calculate the remainder when 702217 is divided by 5.
2
What is the remainder when 218832 is divided by 539?
537
What is the remainder when 750 is divided by 29?
25
Calculate the remainder when 10485 is divided by 741.
1